 c(p) = 2*p**2 + 4*p - 5. Calculate the remainder when c(-5) is divided by o.
1
Let g = 13369 - 13208. Calculate the remainder when 804 is divided by g.
160
Let m = 119 - 118. What is the remainder when 45/(-9)*(-10)/2 is divided by 12/m + (1 - -1)?
11
Let p(d) = -24*d**3 - 17*d**2 - 30*d - 3. What is the remainder when p(-3) is divided by 146?
144
Suppose 3*d = 3*v - 276, -3*v - 5*d = -208 - 76. Calculate the remainder when v is divided by 460 - 447 - (-9 + -2 + -1).
18
Calculate the remainder when 338 is divided by (-290)/(-6) + (-931)/57 + 16.
2
Let r be 3*(-2)/4*-66. Let f = r + -32. What is the remainder when f is divided by 14?
11
What is the remainder when (-2901)/(-6) - 60/24 is divided by 127?
100
Let q be (16*(-7)/14)/((-4)/10). Suppose -25*s = -q*s - 225. Let d = 6 - -6. Calculate the remainder when s is divided by d.
9
Let g be (-13576)/(-20)*(-2)/((-6)/15). Calculate the remainder when ((-42)/35)/(3 + g/(-1130)) is divided by 85.
84
Let g = -311 - -338. Calculate the remainder when (522/g*-1)/((-4)/42) is divided by 30.
23
Let d be (70 - 0 - 1) + 0. Let i be 8/6*3*29733/(-2244). Let o = d + i. Calculate the remainder when 76 is divided by o.
12
Let l(h) = -39*h**3 - 9*h - 10. Calculate the remainder when 107 is divided by l(-1).
31
Let m = 14 - 11. Suppose -m*g + 7*g = 252. Suppose -9*p + g = -8*p. Calculate the remainder when p is divided by 32.
31
Suppose 0 = -5*j + 5*g + 1185, 2*j + 37 = -3*g + 526. Calculate the remainder when 1909 is divided by j.
229
Let n = -4146 - -4746. Calculate the remainder when n is divided by 14.
12
Let q be (1 + 14)*150/225. What is the remainder when (2/4)/(2/276) is divided by 43 - (62/q - 24/120)?
32
Let t(a) = -7*a**2 + 97*a - 31. What is the remainder when 939 is divided by t(13)?
46
Calculate the remainder when 2322 is divided by (-1311)/(-13) - (-224)/1456.
100
Suppose 208 + 276 = -4*n + 2*b, -4*n + 3*b - 480 = 0. Let q = 179 + n. What is the remainder when q is divided by (-2 - -17)/(0 - -1)?
11
Let s = 4462 + -4455. What is the remainder when 370 is divided by s?
6
Let h(w) = 71*w - 5 + 85*w - 141*w. Let d = 45 - 30. What is the remainder when h(4) is divided by d?
10
Let n(h) = 58*h - 223. Let r be n(4). Suppose -17 = -2*o + 11. Suppose -o = -r*w + 76. Calculate the remainder when 35 is divided by w.
5
Suppose -9*j + 161 + 1243 = 0. Suppose -i - j + 266 = 0. Calculate the remainder when i is divided by 84/5*(-10)/(-3).
54
Let j = -16558 + 16589. What is the remainder when j is divided by 11 + (2 - 2)/(-1)?
9
Suppose -28 = -p - p. Let m = 216 + -165. What is the remainder when m is divided by p?
9
Let b be -1*26/(2 - 0). Let i = 10 - b. Calculate the remainder when i is divided by ((-2064)/430)/((-6)/10).
7
Suppose 16*b - 11*b = -k + 346, k - 278 = -4*b. Calculate the remainder when 331 is divided by b.
59
Let g = 388 - 21. Suppose 5*x + 5*k = 235, -5*x = -2*k + 104 - g. Calculate the remainder when x is divided by 27.
24
Suppose 29*f - 24*f + 395 = 4*v, 105 = v + 5*f. Let n be 3/(-6) - 114/4. Let y = v + n. What is the remainder when y is divided by 12?
11
Let o(k) = k**3 - 12*k**2 + 10*k + 19. Let i be o(11). Let c = 22 - i. Suppose -2*u + c*u = 72. Calculate the remainder when 15 is divided by u.
3
Calculate the remainder when 3885/370*(-132)/(-2) is divided by 24.
21
Suppose -221 + 71 = 10*o. Let q(v) = v**2 + 18*v + 102. Calculate the remainder when 683 is divided by q(o).
56
Calculate the remainder when 12/(12045/480 - 25) is divided by (14 - 2)*(-1 - -2).
8
Let c = -14941 + 14946. Let s = -30 + 44. Suppose 3*y - 5*z - 11 = 36, 0 = 2*y + z - s. What is the remainder when y is divided by c?
4
Let d(r) = -10*r + 2769. What is the remainder when d(110) is divided by 27?
22
Let y(k) = -k**2 + 12*k - 22. Let j be y(9). Suppose 11 = j*x - w, -2*w - 9 = -3*x + w. Calculate the remainder when (137/x)/((-6)/(-12)) is divided by 35.
32
Let t(a) = 2*a - 14. Suppose u = -4*u + 5. What is the remainder when 11 + (u*-8)/2 is divided by t(8)?
1
Let d be -9 - (-80 - 8)/11. Let q(z) be the first derivative of -23*z**2 - 1. What is the remainder when q(d) is divided by 19?
8
Let d = -48 + 52. Calculate the remainder when 838 is divided by d.
2
Let z(l) = l**3 - 3*l**2 - l + 1. Suppose -13*n - 399 = 6*n. Let x = 54 + n. What is the remainder when x is divided by z(4)?
7
Suppose 64*x - 2075 = 63*x - y, -3*y - 4125 = -2*x. Calculate the remainder when x is divided by 103.
10
Suppose 0 = -2*h + 2*x + 2980, 4*x - x - 5960 = -4*h. What is the remainder when 59 is divided by (1/(-2))/(-5 + h/300)?
14
Let p(m) = 2*m**2 + 15*m - 45. Let o be p(8). Let i = o + -189. Calculate the remainder when 24 is divided by i.
10
Suppose -4*n - 5*u = -2738, -n = -173*u + 178*u - 692. What is the remainder when n is divided by 14?
10
Let o(b) = -b**2 - 19*b - 11. Let t be o(-9). Let v(g) = -5*g - g - 157*g**2 + 82*g**2 + 16 + t*g**2. Calculate the remainder when v(5) is divided by 11.
9
Suppose -8*u + 15 = -3*u. Suppose 3*a + 7*i - 9*i - 39 = 0, 39 = u*a + 5*i. What is the remainder when 38 is divided by a?
12
Suppose -a + 9 + 9 = 0. Let v = 8 - -63. Calculate the remainder when v is divided by a.
17
Calculate the remainder when (-208)/728 - (6/(-21) + (-1 - 344)) is divided by 5.
0
Suppose 5*b = -3*x + 1791, -4*x + 62 = b - 320. Calculate the remainder when b is divided by 89.
87
Calculate the remainder when 312 is divided by 26 + 21/((-189)/144).
2
Let n = -11362 - -17216. What is the remainder when n is divided by 48?
46
Let q(n) = 458*n - 5. Let j = 479 + -478. Calculate the remainder when q(j) is divided by 65.
63
Let p(i) = -15*i - 22. Let k be p(-2). Suppose -k = 112*l - 120*l. Calculate the remainder when 9 is divided by l.
0
Let a be 168/10*(-190)/(-57). Let y = -52 + a. Suppose -5*g + s = -166, -y*g + 7*g - 3*s = 90. Calculate the remainder when 203 is divided by g.
33
Let m = -1090 - -1147. Let j(d) = -d**3 - 7*d**2 + 4*d - 10. Let s(i) = 4*i + 8. Let n be s(-4). Calculate the remainder when m is divided by j(n).
13
Let d(l) = l**3 - 34*l**2 + 146*l + 6. Calculate the remainder when 1713 is divided by d(29).
33
Let y = 15191 + -15144. What is the remainder when 691 is divided by y?
33
Suppose -14313 = -20*f + 16427. Suppose 15*u + 14*u - f = 0. What is the remainder when 209 is divided by u?
50
Suppose 4*d = 4*k + 320, -825 = -29*d + 19*d + 5*k. What is the remainder when 1895 is divided by d?
25
Let j = 9478 - 4561. Calculate the remainder when j is divided by 20.
17
Let m(t) = 985*t + 4. Let l be m(8). Suppose -145 - l = -31*g. Calculate the remainder when g is divided by 65.
64
Suppose 0 = -0*h - h + 62. Suppose -a = -5*o + 1532, 0 = -o - 3*a + 29 + 303. Calculate the remainder when o is divided by h.
60
Suppose 70 - 52 = -3*a, -3*y + 4*a = -57. What is the remainder when 5355 is divided by y?
9
Let t be ((-50)/15)/(6/(-9)). Suppose -16 = -4*w, -t*z + 12*w = 11*w - 26. Calculate the remainder when z is divided by 2.
0
Suppose 0 = -3*v + 12*v - 459. Let s(u) = 14 + 17*u**2 - 30*u**2 + 23*u + 12*u**2. What is the remainder when v is divided by s(23)?
9
Suppose 37*h - 36*h = -4*a + 16, 0 = -2*h. Suppose 458 = a*f + 310. What is the remainder when 208 is divided by f?
23
Let k(w) = -w**3 - 62*w**2 + 96*w - 408. Calculate the remainder when k(-67) is divided by 33.
29
Suppose 0 = 71*s - 68*s + 3*c - 633, -627 = -3*s - c. What is the remainder when s is divided by 151?
57
What is the remainder when 20/2970*-3*3 + (-1299344)/(-33) is divided by 21?
20
Let u = 3174 + -3158. What is the remainder when 71 is divided by u?
7
Suppose -10*r - r = -517. Let n = 185 - -47. What is the remainder when n is divided by r?
44
Suppose -k - 4*f + 11 = -1, -k + 3*f = 2. Suppose 69 = 3*o + k*b - 52, -166 = -4*o - 3*b. What is the remainder when o is divided by (2/(-14)*3)/(37/14504*-14)?
7
Let c(p) = -28*p - 359. Let o = 112 + -69. What is the remainder when c(-18) is divided by o?
16
Suppose 2 = 2*m, -1782*m + 219 = 5*c - 1778*m. Calculate the remainder when 83 is divided by c.
40
Suppose 7*k - 28 - 273 = 0. What is the remainder when 519 is divided by k?
3
Suppose -19*x - 3*y = -22*x + 285, -8*x + 736 = -2*y. Calculate the remainder when 1816 is divided by x.
87
Let p(u) = -2*u**3 + 4*u**2 + 35*u + 188. Calculate the remainder w